ghest common factor of l and j?
1
Suppose 0 = -o + 5*f + 42, o - 3*f = -2*o + 90. Calculate the greatest common factor of o and 243.
27
Let q(v) = v**2 - 6. Let m be q(-5). What is the highest common factor of 171 and m?
19
Let i(g) = -g**2 + 9*g + 4. Let l be i(6). What is the highest common divisor of l and 110?
22
Suppose 2*u + 3*u = 100. What is the greatest common divisor of 180 and u?
20
Let j(r) = -r**2 + 7*r - 4. Let w be (3/2)/(4/8). Suppose -w*z + 3 = -0*i + 5*i, 2*z - 3 = -3*i. Let c be j(z). What is the greatest common factor of c and 16?
2
Suppose -3*c + p + 39 = 0, -5*p + 29 = -0*c + c. Let t = -32 + 14. Let r = 122 - t. What is the highest common divisor of r and c?
14
Suppose 5*l = 3*l. Suppose l = z - 0*z - 9. Let f = 135 - 90. What is the highest common divisor of z and f?
9
Let a = 41 - 25. Suppose 0 = -4*r + 6*l - 4*l + 256, -5*r + 320 = l. What is the highest common divisor of a and r?
16
Suppose -4*p = 16, d + 2*p + 1 = 6. Suppose 2*x - 356 = -3*f + x, 2*f + 5*x - 259 = 0. Calculate the greatest common divisor of d and f.
13
Suppose o + 5 = 3*q, 0 = -5*o + 5*q - 28 - 37. Let h = 7 - o. Suppose 4*p = 588 + 180. Calculate the highest common divisor of p and h.
24
Suppose 0 = -a + 5*y + 7, 3 + 4 = -5*a + 4*y. Let n be a/3 + (-89)/(-1). Let s = 178 - n. Calculate the greatest common factor of 10 and s.
10
Let s be (-5)/(-2)*(10 + -8). Suppose 4*j - 2 = -5*n, -5*j + 1 = s*n - 4. What is the greatest common divisor of 12 and j?
3
Let s = -14 + 18. Suppose 31 = s*r - 89. What is the greatest common divisor of r and 20?
10
Let j(a) = a**3 - 15*a**2 + 17*a - 27. Let h be j(14). What is the greatest common factor of 120 and h?
15
Let f = 3 + -3. Suppose f = 4*p + 45 - 305. Calculate the greatest common factor of p and 13.
13
Suppose 12*t - 9*t - 36 = 0. What is the greatest common divisor of t and 96?
12
Suppose -3*y = 2*y - f - 46, 3*y - 14 = 4*f. Suppose -3*c + 1 = -0*r + r, 5*r - 5*c - 105 = 0. Let s = r - 6. What is the highest common factor of y and s?
10
Let x(f) = 7*f. Let c be x(2). Suppose 2*t + 2*t = 8. Suppose 5*d + 13 = -3*h + 38, -t*d = 3*h - 19. What is the highest common divisor of c and d?
2
Let a be -8*4/(16/(-37)). What is the greatest common divisor of 185 and a?
37
Let p(v) = v**2 - 5*v + 2. Let d be p(6). Let j(l) = -l**3 + 13*l**2 - 10*l + 4. Let n be j(3). Calculate the greatest common divisor of d and n.
8
Let n(m) = -m**3 - m + 30. Let a = 15 + -15. Let p be n(a). Suppose -2*b + 32 = -8. What is the highest common factor of p and b?
10
Let j = -134 + 200. What is the highest common factor of 6 and j?
6
Let r = -1 - -1. Let f(d) = 5*d - 2. Let z(a) = a + 1. Let m(u) = -f(u) + 4*z(u). Let i be m(r). Calculate the greatest common divisor of 24 and i.
6
Let m = 19 + -8. What is the highest common factor of 88 and m?
11
Let s(q) = q**2 + 9*q + 8. Let f be s(-9). Let u = -7 + f. Calculate the highest common factor of 9 and u.
1
Let c(h) = -10*h + 250*h**2 + 0 - 1 + 0*h + 11*h. Let z be c(1). Suppose -5*j + z = -5*n, n - 197 = -4*j + 2*n. What is the highest common factor of 7 and j?
7
Let b(q) = q**2 - 3*q + 6. Let f be b(4). Let r = -15 + f. Let z be (-7 - r)*(-7)/2. Calculate the highest common divisor of z and 77.
7
Let z be (-4 - 26/(-5))*5. Calculate the highest common factor of z and 2.
2
Let f(r) = -r**2 + 4*r + 2. Let s be f(4). Let q be (-112)/(-2) - (-2 + s). What is the highest common divisor of q and 14?
14
Suppose 3*x + x - 24 = 0. Suppose -x = -2*o + 2. Suppose 3*j = j + 24. Calculate the greatest common divisor of j and o.
4
Let n(c) = c**3 + 27*c**2 - 24*c + 120. Let u be n(-28). Let o = 25 + -17. What is the highest common factor of o and u?
8
Suppose -5*h + 265 = 4*x, 14*x - 12*x - 115 = h. Let t be 25*1 + (0 - 1). What is the greatest common factor of t and x?
12
Let t = 93 + -45. Calculate the highest common divisor of t and 72.
24
Let y be ((-16)/(-12))/(1/9). Calculate the greatest common factor of y and 48.
12
Suppose -2 = -j + 4*p + 26, 2*p + 44 = 3*j. Calculate the highest common factor of j and 60.
12
Let w be (18*(-40)/(-84))/((-4)/(-56)). What is the greatest common divisor of 48 and w?
24
Let k = 6 - -5. What is the highest common divisor of 55 and k?
11
Let f = -202 + 140. Let v = f + 134. Calculate the greatest common factor of 8 and v.
8
Let b be ((-20)/12)/((-1)/3). Suppose -m + 78 = 5*r, -3*r - b*m = -4*r. Suppose -5*c + r = -4*c. What is the greatest common factor of c and 5?
5
Suppose -5*h = -h + 4*y - 552, 2*y + 704 = 5*h. What is the greatest common factor of 10 and h?
10
Let x(t) = t + 3. Let n be x(5). Suppose -g = -9 - n. Calculate the greatest common divisor of 187 and g.
17
Let z be (-21)/(-6) - (-1)/(-2). Suppose z*h = 2*h + 32. Suppose -v - v = -8. Calculate the greatest common factor of v and h.
4
Suppose -172 + 56 = 4*b. Let f = 4 - b. Calculate the greatest common divisor of f and 3.
3
Let z be 1/(-3)*(-15 + 3). Let y(t) be the first derivative of -t**2 - 2*t + 1. Let c be y(-4). Calculate the highest common divisor of c and z.
2
Let x(i) = i**3 - 10*i**2 + 10*i + 6. Let l be x(9). Calculate the greatest common factor of 45 and l.
15
Let h(y) = -y**2 - 15*y + 65. Let l be h(-15). What is the highest common factor of 5 and l?
5
Let o = -212 + 586. Suppose 4*t + o = 6*t. Suppose -4*p + 14 = -54. What is the greatest common factor of t and p?
17
Let w be 30/3*(3 + -2). Suppose -45 + w = -5*p. Calculate the greatest common factor of p and 7.
7
Let b be -3 - 0 - (5 + -11). Let a = b + 1. Calculate the greatest common factor of 4 and a.
4
Let p be (40/75*5)/(1/3). Calculate the highest common divisor of 8 and p.
8
Suppose 5*a - 28 - 12 = 0. Suppose -2*i + 6*i - 48 = 3*l, 2*l = a. Calculate the highest common factor of 60 and i.
15
Let j be ((-4)/(-3))/(2/3). Let s be 0/2 - (-200 + j). Calculate the highest common factor of s and 18.
18
Let t = -34 - -94. Calculate the greatest common divisor of 12 and t.
12
Let i be 4/(-6) + (-272)/(-3). Calculate the highest common factor of i and 15.
15
Suppose 0*f - 3*g - 27 = -f, -f = g - 27. Let l = f - 3. Calculate the highest common divisor of 12 and l.
12
Let f be ((-660)/99)/(1/(-6)). What is the highest common factor of 320 and f?
40
Suppose 0 = -5*t + 4*n + 10, -4*n + 6 = -2*t - 2. Let i = -3 - -7. What is the highest common divisor of i and t?
2
Suppose 2*c - 30 = 10. Suppose -c = -6*s + s. Suppose 24 = h - o - 3*o, 3*h - 8 = -s*o. What is the highest common factor of h and 72?
8
Let u = 21 + -18. Calculate the highest common divisor of u and 6.
3
Suppose -4*g + 31 = 3*v, 4*v - 3*g = 2*g. Calculate the highest common factor of 5 and v.
5
Let o(q) = 3*q + 1. Let h be o(1). Suppose 3*c - 68 = -h*k + 16, -c - 2*k = -30. What is the greatest common factor of 48 and c?
24
Let w be (-188)/(-6) - 14/(-21). Suppose 0 = -c + 5*c - w. Calculate the greatest common factor of 32 and c.
8
Let g = -35 - -40. Calculate the highest common factor of g and 5.
5
Let p = -2 + 4. Let y be (1/p)/((-5)/(-410)). Suppose 0 = -3*t + 25 + y. What is the highest common factor of t and 11?
11
Suppose w - 3*z = 2*w + 9, -2*w - z - 3 = 0. Suppose w = -2*r - 3*r - b + 398, -b = 2. What is the highest common divisor of r and 16?
16
Suppose 3*m = -0*r + r + 11, 0 = -3*m + 3*r + 15. What is the greatest common divisor of 21 and m?
3
Suppose 3*a = 4*n + 14, 18 = 4*a + 3*n - 8*n. Suppose 10 + 0 = a*h, -2*d = 2*h - 94. Calculate the highest common divisor of 28 and d.
14
Let q = -33 + 60. Suppose -2*a - 324 = 6*l - 9*l, 0 = -3*a. What is the highest common factor of l and q?
27
Suppose 2*h - 16 - 4 = 0. Suppose -5*c - 43 = -w, 2*c + 28 = -0*c + 4*w. Let d = c - -13. What is the greatest common divisor of h and d?
5
Let k(g) = 2*g**2 - 6*g + 7. Let h be ((-6)/5)/(8/(-20)). Let z be k(h). Calculate the highest common factor of z and 49.
7
Let s be 22/55 - (-118)/5. What is the greatest common divisor of 6 and s?
6
Let c(o) = 15*o**3 + 3*o**2 - 3*o + 2. Let i be c(2). Calculate the greatest common divisor of 16 and i.
16
Suppose 0*u - 4*g - 72 = -2*u, -4*u + 5*g = -150. What is the greatest common factor of u and 5?
5
Suppose 4*n + 2 = 3*n. Let u = n + 16. Suppose -140 = -4*x - 0*x. Calculate the greatest common factor of u and x.
7
Suppose 6*l = 14*l - 360. Wha